 -762, 0 = 4*w + g - f. What are the prime factors of w?
5, 61
Let w = 872 + 3642. List the prime factors of w.
2, 37, 61
Suppose -5*q + 13 = 23, 4*f = -5*q + 114966. List the prime factors of f.
2, 3593
Let r = 21941 + -13101. List the prime factors of r.
2, 5, 13, 17
Let m(p) = p**3 + p**2 + 7*p + 6493. What are the prime factors of m(0)?
43, 151
Suppose 2*b - 95 = -101. What are the prime factors of ((-77)/2 + b)/((-17)/646)?
19, 83
Let k(l) be the third derivative of -l**5/30 + 43*l**4/24 + 16*l**3/3 - 5*l**2. What are the prime factors of k(18)?
2, 79
Let r = -170 - -173. What are the prime factors of (-28)/21*-12 - r?
13
Let h(q) = -391*q + 303. List the prime factors of h(-13).
2, 2693
Suppose r + 1 = 0, c - 1934 = r + 14216. What are the prime factors of c?
3, 7, 769
Let b be 222/8*-2*2/(-1). Suppose h - 32 = -4*t, -4*h + t = 17 - b. Suppose -j + h + 125 = 0. List the prime factors of j.
149
Suppose 3*a + 3*s = 0, 13*a - 14*a + s = -6. Let x(c) = -19*c - 21. Let t(o) = 10*o + 11. Let u(l) = -7*t(l) - 4*x(l). What are the prime factors of u(a)?
5
Let g = -21538 + 39043. What are the prime factors of g?
3, 5, 389
Suppose -156*n - 59220 = -158*n + 2*b, 0 = 4*n - 5*b - 118433. What are the prime factors of n?
7, 4231
Suppose 13*x + 2428 = 17*x. Suppose 0 = -3*f + 140 + x. Suppose c = -2*i + 3*i - 83, -3*c = 3*i - f. What are the prime factors of i?
83
Let p(c) = 1098*c**3 - 3*c**2 + 12*c - 3. What are the prime factors of p(2)?
3, 977
Suppose 24*v - 3100 = 262172. What are the prime factors of v?
7, 1579
Let r(z) = 8*z**2 + 2*z + 3. Let u(q) = -q**2 - q + 1. Let f(x) = -2*r(x) - 18*u(x). What are the prime factors of f(16)?
2, 89
Let m(q) = -15*q**3 - q**2 - 4*q. Let y be m(-3). Suppose -5*l - 4*p + 1262 = -2*l, 0 = -l + 5*p + y. List the prime factors of l.
2, 11, 19
Let t = -112 - -116. Suppose -t*b - 2*c = -1282, -b + c + 48 = -280. List the prime factors of b.
17, 19
Suppose -1608233 = -86*r + 2576243 - 432726. What are the prime factors of r?
5, 349
Let a(m) = 51*m**2 + 322*m + 1669. What are the prime factors of a(-5)?
2, 23, 29
Suppose -430734 - 278910 = -26*x. List the prime factors of x.
2, 3, 4549
List the prime factors of (-1344603)/(-14) - (-77)/(-1078).
96043
List the prime factors of (125424/(-15) - 12)/(14/(-35)).
2, 3, 1163
Suppose 9*d = -12 + 39. List the prime factors of -9 + (d - 4748/(-4)).
1181
Suppose 7*c - 5*c - 108 = 0. Suppose x + c = 7*x. Let u = 27 - x. What are the prime factors of u?
2, 3
Let c(r) = 18*r + 130. Let x be c(-30). Let j = -9 - x. What are the prime factors of j?
401
Let u(f) = -f - f**3 + 65*f + 21 + 25*f**2 - 47. List the prime factors of u(27).
2, 61
Suppose -3*s = -p + 981 + 1830, 5*s - 20 = 0. Suppose p + 1832 = 7*j. List the prime factors of j.
5, 7, 19
Let w(k) = 10*k**2 - 6*k**2 - 7*k - 6*k**2 - 30. Let r(b) = b**2 + 3*b + 15. Let a(l) = 9*r(l) + 4*w(l). What are the prime factors of a(5)?
5, 7
Let l be (828/4)/((-57)/(-27) - 2). Let m = -1031 + l. What are the prime factors of m?
2, 13
Let f(s) = 0 + 4 + 3*s - 1 - 5*s. Let c be f(-1). Suppose -4*r + 222 = -2*r + 5*a, 2*r - 262 = c*a. What are the prime factors of r?
11
Suppose -6*i = -5*i - 21. Suppose 19 = 4*o + 4*k - 9, 3*o - i = 2*k. What are the prime factors of o?
7
Suppose -29*k + 62664 = -55917. What are the prime factors of k?
3, 29, 47
Let c be 54/8 - 5/(-20). Let p = c + -4. Suppose -93 = p*q - 369. What are the prime factors of q?
2, 23
Let b(f) = -2848*f - 458. List the prime factors of b(-8).
2, 3, 61
Suppose 194 = c - 5*k - 3696, c - 3*k = 3888. Suppose -c = -8*s + 3*s - 2*o, -3*s - 4*o + 2331 = 0. List the prime factors of s.
3, 7, 37
Suppose -818328 = 107*j - 191*j. List the prime factors of j.
2, 4871
Let d be 18*1*3707/33. Let p = d - 357. Suppose -h + p = 14*h. List the prime factors of h.
3, 37
Let t be (-2)/(-6)*(-42 + 54). Let i(u) = 5*u**3 - 9*u**2 + 6*u + 11. Let g(v) = -v**2 + v + 1. Let l(b) = -3*g(b) + i(b). What are the prime factors of l(t)?
2, 61
Suppose -23 = -g + 5*s, 2*g - 15 = s + 4. Let x be 552/5*(g + -3). Let k = x + -380. List the prime factors of k.
2, 43
Let g be (-7)/((-14)/(-8)) + -71. Let d = -46 - g. Suppose d*v = 24*v + 180. What are the prime factors of v?
2, 3
Suppose 8*y = 3*h + 13*y - 76144, 0 = 2*h - 2*y - 50752. List the prime factors of h.
2, 12689
Let k be (2 + 4 + (4 - 3))/1. What are the prime factors of 374*1 + (-9 - -4) + k?
2, 47
Let m = 565 + -563. Suppose 5*w - m*s + 39 = 1465, -3*w - 4*s + 840 = 0. What are the prime factors of w?
2, 71
Let r(t) = -25*t**3 - t**2 + 42*t - 12. What are the prime factors of r(-9)?
2, 3, 11, 269
Suppose -23 = 5*w - 33. Suppose 2*d + 2 = 0, w*q - 251 = -5*d - 0*d. List the prime factors of q.
2
Let j = -436 + 172. Let w = j - -461. What are the prime factors of w?
197
Let t(l) = -l**3 + 4*l**2 + 5*l + 2. Let j(s) = -7*s - 5. Let n be j(0). List the prime factors of t(n).
2, 101
Let z(q) = -13 - 4*q**2 + 57*q**2 - 24*q**2 - 12*q**2 - 13*q. List the prime factors of z(-4).
311
Let k(w) = 129*w**2 - 11*w + 10. Let d = -211 - -212. What are the prime factors of k(d)?
2
Let h(b) = 28*b - 149. Suppose 47*z = 54*z - 231. List the prime factors of h(z).
5, 31
Suppose 11*z - 6*z = 0. Suppose -22*n + 16*n + 744 = z. List the prime factors of n.
2, 31
Let c = -37979 - -65440. List the prime factors of c.
7, 3923
Suppose 0*b - 42 = -4*o - b, 5*o - 5*b = 40. List the prime factors of ((-7)/((-63)/(-3756)))/(o/(-15)).
2, 313
Let n(g) = 7*g + 15. Let d be n(-3). What are the prime factors of 71*-6*1/d?
71
Suppose -871*k + 490 = -866*k. Suppose -b + 399 + k = g, 3*b + g = 1491. List the prime factors of b.
7, 71
Let t(k) = -38499*k - 249. What are the prime factors of t(-1)?
2, 3, 5, 17
Let g = -163 + 81. Let d = 81 + g. What are the prime factors of d + 4 + -1 - (-364)/52?
3
Let f = 782 + -1664. Let t = 278 - f. What are the prime factors of t?
2, 5, 29
List the prime factors of (-3 + (-56)/(-21))*-12219.
4073
Let w be (82 + -1)*3/36*284. Suppose 0 = 2*j + 3*d - w, 2*j = 8*d - 3*d + 1925. List the prime factors of j.
2, 3, 5
Suppose 5*x - 5328 = -4*m, 7*x + m - 4299 - 3174 = 0. What are the prime factors of x?
2, 3, 89
Let x be 6/(-33) - 25068/66. Let f = 249 + x. What are the prime factors of 1/(4 + f/33)?
3, 11
Suppose 4*d + 15798 = -4*i + 113314, 2*d = -4*i + 48748. List the prime factors of d.
2, 3, 127
Suppose -203900 = -139*c + 1473380 - 88510. List the prime factors of c.
2, 3, 5, 127
Suppose 3*g = 4*g + 4, 0 = -4*f - 4*g + 188. Suppose f*z - 732 = 49*z. List the prime factors of z.
2, 3, 61
Suppose -55*a + 57*a + 3*l = 13260, -5*a = 2*l - 33172. What are the prime factors of a?
2, 3, 7, 79
Suppose -h + 1293 = -q, 0*h - 3903 = 3*q + 3*h. Let u = q - -1855. List the prime factors of u.
2, 3, 31
Let b = 29 + -44. Let i be (0 + b)/(9/(-6)). List the prime factors of i/65 + (-2130)/(-13).
2, 41
Let d = 18301 - -8746. What are the prime factors of d?
17, 37, 43
Suppose -3*p + 75 = -81. Let k = 69 + p. What are the prime factors of k?
11
Let u(n) be the second derivative of n**4/12 + 4*n**3/3 + 2*n**2 + 2*n. Let w(v) = 35*v + 59. Let p be w(-2). What are the prime factors of u(p)?
37
Let v = 3033 + -1703. Let a = 1947 - v. List the prime factors of a.
617
Let w = -56 + 59. Suppose 4*g + r - 6 = w*r, -5*r = -5. What are the prime factors of -4*13/(-2)*(g - -1)?
2, 3, 13
Let k = -5 + 10. Suppose -51*q - 70*q + 3360 = -100*q. Suppose q = k*j - 105. List the prime factors of j.
53
Let j = -119 + 346. Let i = -3 - 85. Let z = j + i. List the prime factors of z.
139
Let o(h) = 10*h - 55. Let k be (1/(-3)*2)/(4/6). Let g(y) = -y + 1. Let l(t) = k*o(t) - 2*g(t). List the prime factors of l(-18).
197
Suppose -147 = -3*z - 30. Let s = z - 37. List the prime factors of (6/1 - -1)*38/s.
7, 19
Let f(k) = 2*k + 86. Let l be f(0). Suppose -2*v = -4*v + 2. What are the prime factors of -2 + l + -4 - v?
79
Let f be (((-66)/10)/11)/((-1)/5). List the prime factors of 1 + 950/f + 44/33.
11, 29
Let n(l) = -2*l**2 + 22 + 3*l**2 + 12. Let g(i) = -2*i - 16. Let v be g(-8). List the prime factors of n(v).
2, 17
Let b be 6 - (-2 + 686)/6. Let o = -44 - b. List the prime factors of o.
2
Suppose 104*i - 111*i + 7 = 0. Let x(f) = 55*f**3 - f**2 - f + 2. What are the prime factors of x(i